hat is the units digit of 32/24 + v/6?
1
Suppose 8*m - 12353 - 3495 = 0. What is the tens digit of m?
8
Let y = -4 - -17. Let h = y - 6. Suppose 5*o = 3*b + 21 + h, -o = 5*b. What is the units digit of o?
5
Let a(r) = 54*r - 9. Let m be a(-4). Let z = -339 - m. Let x = -81 - z. What is the tens digit of x?
3
Let x = -201 + 340. Let n = -78 + x. Suppose 0 = 5*p - 4 - n. What is the tens digit of p?
1
Let h(m) = -3*m**2 - 47*m - 26. What is the tens digit of h(-14)?
4
Let s(t) = -5*t + 8. Let b be s(-5). What is the tens digit of ((-17)/b - (-10)/55)*-186?
6
Suppose 2*k - 5 = 1. Let b be -2 - k/3*-7. Suppose -2*x + 160 = b*v + x, 4*x = -v + 15. What is the units digit of v?
5
Let z be (-27 - 1)/(-2) - (1 - 2). Let i = z - -20. What is the units digit of i?
5
Let v = -12 + -6. Let r = 12 - v. What is the tens digit of r?
3
Suppose -p + f + 172 - 24 = 0, 4*f = -2*p + 320. Suppose p = v + 60. What is the tens digit of v?
9
What is the tens digit of 320 + (25/50)/((-2)/4)?
1
Suppose 0 = 4*l - 6*l - 134. Let x = 100 + l. What is the tens digit of x?
3
Let i(c) = -8*c**3 - c - 4. Let r(o) = -25*o**3 - o**2 - 3*o - 13. Let b(l) = -7*i(l) + 2*r(l). Let k be b(-2). What is the tens digit of (-6)/8*(k + 4)?
3
Let r = 26 - 24. What is the tens digit of (7 + 15)/(r/5)?
5
Suppose 12 = -3*y, 3*x = -3*y + 3180 + 3240. What is the thousands digit of x?
2
Suppose -132*x = -113*x - 59356. What is the units digit of x?
4
Let k = 384 - -96. Let x = k + -342. What is the hundreds digit of x?
1
Let y(d) = 33 + 21 - 2*d - 4. What is the tens digit of y(-10)?
7
Let f = 129 + -73. Suppose -f = -4*y - 5*v + 421, 5*y - 585 = -4*v. What is the units digit of y?
3
What is the tens digit of (-12)/42 + 2 + 221886/49?
3
Let v = -507 - -1192. What is the tens digit of v?
8
Let p = 6188 - 4355. What is the tens digit of p?
3
Let i(m) = 5*m - 25. Let j(q) = 6*q - 24. Let s(b) = -4*i(b) + 3*j(b). What is the units digit of s(9)?
0
Let r(w) = w**3 - 11*w**2 + 4*w + 8. Let n be r(9). Let h = n + 166. What is the tens digit of h?
4
Suppose 0 = -4*m, -3*m + 1 = 2*z - 17. Suppose 6*c + 429 = z*c. What is the hundreds digit of c?
1
Suppose 4*t - 24 - 8 = 0. Suppose 3*m + m = t. Suppose -m*l + 5*l = 123. What is the units digit of l?
1
Let o(p) = 11 - 66*p - 4 + 61*p + 15*p**2. What is the units digit of o(3)?
7
Let m(c) = 3*c**3 + 2*c**2 + 3*c - 4. Let g = 32 + -30. What is the units digit of m(g)?
4
Let h(s) = -s**3 + 6*s**2 + s + 1. Let y = 23 + -18. What is the tens digit of h(y)?
3
Let d(k) = 473*k**3 - k**2 + 9*k - 7. What is the tens digit of d(1)?
7
Suppose 0*u + u = 4. Suppose 7*r - 225 = u*r. What is the units digit of r?
5
Let d = -1665 - -3032. What is the thousands digit of d?
1
Let b = 747 + -151. What is the tens digit of b?
9
Suppose 5*c = -m + 857, 2276 - 562 = 2*m + 2*c. What is the units digit of m?
7
Let x = -225 + 359. Let f = 55 + x. What is the tens digit of f?
8
Let m(n) = n + 1. Let p = -1 - -1. Let d(c) = c**3 + c**2 + 3. Let g be d(p). What is the units digit of m(g)?
4
Let c(h) = -9*h - 3. Let d(r) = -5*r**3 + 5*r**2 - 9*r + 4*r**3 + 4*r**2 + 5. Let s be d(8). What is the units digit of c(s)?
4
Suppose 58*v - 56*v + 54 = 0. Let o = -20 - v. What is the units digit of o?
7
Let m(t) = -t**3 + 53*t**2 - 16*t - 160. What is the hundreds digit of m(52)?
7
Suppose 4*b - 307 = 341. Suppose 2*d = -0*d + 206. Let h = b - d. What is the tens digit of h?
5
What is the units digit of (3/6*129)/((-5)/(-60))?
4
Let q(i) = -i**3 + 7*i**2 + 4*i - 7. Let b be q(8). What is the units digit of -28*(b/21 - -1)?
4
Let z be 7/(-1)*3/(-1). Suppose c - z = 7. Let r = -19 + c. What is the units digit of r?
9
Suppose 102*h - 106*h = -976. What is the hundreds digit of h?
2
Let k(q) = -q**3 + 11*q**2 - 9*q - 7. Let u be k(9). What is the units digit of -3 + (-2)/(-1) + 0 + u?
3
Let h be -2*3/2*(-100 - 1). Suppose -5*p = -8*p + h. What is the tens digit of p?
0
Let b(z) = 93*z - 384. What is the hundreds digit of b(18)?
2
Let f be ((-1)/(-2))/((-2)/(-12)). Suppose h - 18 = f*u - 4*u, 3*h = -4*u + 51. What is the units digit of h?
1
Let k(a) = 56*a**2 + 2*a - 3. Let c be k(3). Suppose 3*j + c = 3*v + 2*v, 0 = 3*v - 2*j - 305. What is the units digit of v?
9
Suppose -3*p + 9 = -4*x - 46, 5*p + 4*x - 49 = 0. Suppose -7 = 2*s - p. Suppose -66 = o - s*o. What is the tens digit of o?
3
Let s be -1*(-4)/(12/(-15)). Let d(x) = x**3 + 9*x**2 - 4*x. Let f be d(s). Suppose -7*v = -3*v - f. What is the units digit of v?
0
Suppose 0 = -m + 3*m - l + 26, 0 = -l. Let g = m + 13. What is the tens digit of 27 + (-2)/(-1) + g?
2
Suppose 7*f + 6358 = 18*f. What is the tens digit of f?
7
Let a(u) = -2*u**2 - 7*u + 53. What is the tens digit of a(0)?
5
Let d be 4/12*(8 - -1). Suppose 9 = v + d*z - 0, -3*z = -6. Suppose 19 = v*t - 2*m - 8, 1 = -2*t - 5*m. What is the units digit of t?
7
Let y be (38/(-6))/(9/(-405)). Suppose 6*j - g - y = 3*j, -2*j - 2*g = -198. What is the units digit of j?
6
Let v = 2 + -95. Let p = v + 216. What is the hundreds digit of p?
1
Suppose 3*u = -12, 2*u + 648 = 4*v - 2*v. Suppose n - 5*n = -v. Suppose -3*w + w + 39 = -l, -4*l = -4*w + n. What is the tens digit of w?
1
Let v(c) = 4 + 0 - 4*c**3 + 2*c + 4*c**3 + 2*c**3. What is the units digit of v(3)?
4
Let r be (-2 + 6)*(-25)/(-20). Suppose -6*d - 18 = -2*h - 3*d, -r*h + 45 = -4*d. What is the units digit of h?
9
Let o(s) = -815*s + 16. What is the tens digit of o(-1)?
3
Let s(w) = -2*w**3 + 7*w**2 - 17*w - 17. What is the thousands digit of s(-11)?
3
Let u(f) = f**2 + 12*f**2 - 3*f**2. What is the units digit of u(-1)?
0
Let k(o) be the first derivative of 3*o**2 - 6 - 2*o**3 - 1/4*o**4 + 5*o. What is the units digit of k(-7)?
2
Let k be (5/10)/((-1)/(-12)). Suppose -4 + 13 = -3*z, -25 = -4*g + 3*z. Suppose -k + 26 = g*l. What is the units digit of l?
5
Suppose 3*v + 5*v - 16 = 0. Suppose 0 = -c + 6*c - 20. Let y = c - v. What is the units digit of y?
2
Let v = 4 - 5. What is the tens digit of (-1106)/(-14) - (v - 3)?
8
Let r(u) = 27*u + 74. What is the units digit of r(15)?
9
Let d(t) = -t**3 + 8*t**2 + 5*t - 10. Let p(a) = a**3 + 10*a**2 - 12*a - 7. Let o be p(-11). Suppose 0*i = -o*i + 32. What is the tens digit of d(i)?
3
Let n = -31 + 28. What is the tens digit of n/(-8) + (-8281)/(-104)?
8
Let w(z) = 217*z - 1161. What is the units digit of w(31)?
6
Let p(q) = 5*q - 22. Let x be p(10). What is the tens digit of (-12)/x + 891/21?
4
Let f = 62 - 66. What is the units digit of -3*f/(-4) + 104?
1
Let v = -6 + -5. Let m(n) = -n**2 - 13*n - 16. Let x be m(v). Suppose 3*o + 4*h = 46, -4*o + x*o - 2*h - 12 = 0. What is the tens digit of o?
1
Suppose 0 = 2*b + 27 + 9. Suppose -2*w = -34 + 6. What is the tens digit of (-33)/(-1) - (w + b)?
3
What is the units digit of (18 - (-94537)/34) + (-6)/(-4)?
0
Let z = -39 - -65. Suppose -n = -3*m, 4*n = 3*m - 12 - 6. Let s = n + z. What is the tens digit of s?
2
Let g(n) = -3*n**2 - 187*n + 16. What is the hundreds digit of g(-52)?
6
Let a = -18 + 108. Suppose 4*x - 24 = p + 3, -4*p = 2*x + a. Let z = p - -27. What is the units digit of z?
4
Suppose -13 = 3*x + 4*l, 2*x - l + 5*l + 10 = 0. Let o be (-33)/(-9) + (-1)/x. Suppose 2*i - o*m = 78, 0 = 4*m - 4. What is the tens digit of i?
4
Let r = -443 - -214. Let k = -101 - r. What is the units digit of k?
8
Let b = -2850 - -5416. What is the tens digit of b?
6
Suppose 5*t = -20, 3*y + 291 = t + 1288. Suppose 0*o - 3*f + y = 4*o, -4*o + 2*f = -326. What is the units digit of o?
2
Let h = -7 - -30. Suppose h*p = 19*p + 228. What is the tens digit of p?
5
Suppose -3*k + 31 = 5*b, -4*k - 8 = 3*b - 31. Let a(w) = -w**2 + 2*w + 7. Let r be a(b). Let u = -7 - r. What is the units digit of u?
1
Let p = 13965 + -8281. What is the units digit of p?
4
Suppose -64 = -2*v + 7*v - 4*f, 5*v = -4*f - 96. Let w = v - -19. Suppose -w*j + 3*t = -5*j - 11, -3*t - 7 = 4*j. What is the units digit of j?
2
Let y be (-162)/(-2)*2*(-4)/(-8). Suppose -i + 362 = y. What is the tens digit of i?
8
Suppose 0 = -2*u - 9 + 3. Let i be 9 - 0 - (u + 3). Suppose -i*t + 14*t = 15. What is the units digit of t?
3
Let w(g) = -g**2 - 23*g + 36. What is the tens digit of w(-19)?
1
Let y be (-2 + 1)/(1/(-3)). Let u be 5*18/15 - y. Suppose -u*w - 22 + 166 = 0. What is the units 